{"id":3393,"date":"2025-07-08T22:22:41","date_gmt":"2025-07-08T20:22:41","guid":{"rendered":"http:\/\/www.sci-zeltlager.de\/?page_id=3393"},"modified":"2025-08-17T22:27:48","modified_gmt":"2025-08-17T20:27:48","slug":"kinderschutz","status":"publish","type":"page","link":"https:\/\/www.sci-zeltlager.de\/wordpress\/?page_id=3393","title":{"rendered":"Kinderschutz"},"content":{"rendered":"<p class=\"p1\"><strong>Liebe Kinder, liebe Eltern, liebe Erziehungsberechtigte,<\/strong><\/p>\n<p class=\"p1\">unz\u00e4hlige junge Menschen aus Itzehoe und Umgebung profitieren seit \u00fcber 65 Jahren vom Engagement von ehrenamtlichen Betreuer:innen und erleben eine unvergessliche Ferienzeit im Zeltlager am Stocksee. Gleichzeitig steht das Thema Kinder- und Jugendschutz heute \u2013 zu Recht! \u2013 immer mehr im Fokus. Wir sind als Verein nicht verpflichtet, ein separates Kinderschutzkonzept f\u00fcr unsere Freizeit vorzulegen, haben uns aber trotzdem dazu entschieden, dies zu tun. Bei m\u00f6glichen Kindeswohlgef\u00e4hrdungen aufmerksam zu sein, ist uns sehr wichtig.<\/p>\n<p class=\"p1\">Damit die Ferienzeit stets in guter Erinnerung bleibt, orientieren wir unsere Ferienfreizeit an einem Schutzkonzept. Es enth\u00e4lt die rechtlichen Grundlagen unserer Arbeit mit Kindern und Jugendlichen, eine an unser Zeltlager angepasste Risikoanalyse, sowie Pr\u00e4ventionsma\u00dfnahmen, die wir als Verein und Zeltlagersparte eingeleitet haben, um diese Risiken zu minimieren. Au\u00dferdem haben wir einen Ablaufplan erarbeitet, den alle Betreuer und Betreuerinnen kennen und der in Kraft tritt, sollte es zu einem Verdachtsfall kommen.<\/p>\n<p class=\"p1\"><strong>Die Kinderschutzbeauftragten der Zeltlagersparte sind:<\/strong><\/p>\n<p class=\"p1\">Esther Schwarz<br \/>\nTel. 01520 4121 821<br \/>\nEsther-Schwarz93@web.de<\/p>\n<p class=\"p1\">Bent Freiwald<br \/>\nzeltlager-stocksee@sport-club-itzehoe.de<\/p>\n<p class=\"p1\"><strong>Die Kinderschutzbeauftragte des Sport-Club Itzehoe ist:<\/strong><\/p>\n<p class=\"p1\">Ulrike Voss<br \/>\nTel. 0 48 26 \/ 37 55 38<br \/>\nulrikevoss@sport-club-itzehoe.de<\/p>\n<p class=\"p1\">Hier k\u00f6nnt ihr euch das <a href=\"https:\/\/www.sci-zeltlager.de\/wordpress\/wp-content\/uploads\/2025\/08\/Kinderschutzkonzept-Webseite.pdf\">Kinderschutzkonzept herunterladen<\/a>.<\/p>\n","protected":false},"excerpt":{"rendered":"<p>Liebe Kinder, liebe Eltern, liebe Erziehungsberechtigte, unz\u00e4hlige junge Menschen aus Itzehoe und Umgebung profitieren seit \u00fcber 65 Jahren vom Engagement von ehrenamtlichen Betreuer:innen und erleben eine unvergessliche Ferienzeit im Zeltlager am Stocksee. Gleichzeitig steht das Thema Kinder- und Jugendschutz heute \u2013 zu Recht! \u2013 immer mehr im Fokus. Wir sind als Verein nicht verpflichtet, ein<a href=\"https:\/\/www.sci-zeltlager.de\/wordpress\/?page_id=3393\">[&#8230;]<\/a><\/p>\n","protected":false},"author":1,"featured_media":0,"parent":0,"menu_order":5,"comment_status":"closed","ping_status":"closed","template":"","meta":{"footnotes":""},"class_list":["post-3393","page","type-page","status-publish","hentry"],"_links":{"self":[{"href":"https:\/\/www.sci-zeltlager.de\/wordpress\/index.php?rest_route=\/wp\/v2\/pages\/3393","targetHints":{"allow":["GET"]}}],"collection":[{"href":"https:\/\/www.sci-zeltlager.de\/wordpress\/index.php?rest_route=\/wp\/v2\/pages"}],"about":[{"href":"https:\/\/www.sci-zeltlager.de\/wordpress\/index.php?rest_route=\/wp\/v2\/types\/page"}],"author":[{"embeddable":true,"href":"https:\/\/www.sci-zeltlager.de\/wordpress\/index.php?rest_route=\/wp\/v2\/users\/1"}],"replies":[{"embeddable":true,"href":"https:\/\/www.sci-zeltlager.de\/wordpress\/index.php?rest_route=%2Fwp%2Fv2%2Fcomments&post=3393"}],"version-history":[{"count":6,"href":"https:\/\/www.sci-zeltlager.de\/wordpress\/index.php?rest_route=\/wp\/v2\/pages\/3393\/revisions"}],"predecessor-version":[{"id":3427,"href":"https:\/\/www.sci-zeltlager.de\/wordpress\/index.php?rest_route=\/wp\/v2\/pages\/3393\/revisions\/3427"}],"wp:attachment":[{"href":"https:\/\/www.sci-zeltlager.de\/wordpress\/index.php?rest_route=%2Fwp%2Fv2%2Fmedia&parent=3393"}],"curies":[{"name":"wp","href":"https:\/\/api.w.org\/{rel}","templated":true}]}}