{"id":3416,"date":"2025-08-17T22:07:56","date_gmt":"2025-08-17T20:07:56","guid":{"rendered":"https:\/\/www.sci-zeltlager.de\/wordpress\/?page_id=3416"},"modified":"2025-08-17T22:08:08","modified_gmt":"2025-08-17T20:08:08","slug":"impressum","status":"publish","type":"page","link":"https:\/\/www.sci-zeltlager.de\/wordpress\/?page_id=3416","title":{"rendered":"Impressum"},"content":{"rendered":"\n<h2 class=\"wp-block-heading\">Angaben gem\u00e4\u00df \u00a7 5 TMG:<\/h2>\n<p>Sport Club Itzehoe e. V.<br \/>Abteilung Zeltlager am Stocksee<br \/>Beethovenstra\u00dfe 2-4<br \/>25524 Itzehoe<\/p>\n<p><strong>Gesetzlich vertreten durch:<\/strong><br \/>Vorstand gem\u00e4\u00df \u00a726 BGB:<br \/>Dr. Ulrike Vo\u00df, Franziska Greve, Nadine Welzel; je zwei von ihnen sind gemeinschaftlich vertretungsberechtigt<\/p>\n<p><strong>Abteilung vertreten durch:\u00a0<\/strong><br \/>Bent Freiwald, Louis Mattke<\/p>\n<p><strong>Kontakt Sport-Club Itzehoe:<\/strong><br \/>Telefon: 04821 7796130<br \/>Telefax: 04821 151799<\/p>\n<p><strong>E-Mail Abteilung: <\/strong>zeltlager-stocksee@sport-club-itzehoe.de<\/p>\n<p>Steuer-Nr.: 18290800443<br \/>Registereintrag: Eintragung im Vereinsregister<br \/>Registergericht: Amtsgericht Pinneberg<br \/>Registernummer: VR0088<\/p>\n\n\n","protected":false},"excerpt":{"rendered":"<p>Angaben gem\u00e4\u00df \u00a7 5 TMG: Sport Club Itzehoe e. V.Abteilung Zeltlager am StockseeBeethovenstra\u00dfe 2-425524 Itzehoe Gesetzlich vertreten durch:Vorstand gem\u00e4\u00df \u00a726 BGB:Dr. Ulrike Vo\u00df, Franziska Greve, Nadine Welzel; je zwei von ihnen sind gemeinschaftlich vertretungsberechtigt Abteilung vertreten durch:\u00a0Bent Freiwald, Louis Mattke Kontakt Sport-Club Itzehoe:Telefon: 04821 7796130Telefax: 04821 151799 E-Mail Abteilung: zeltlager-stocksee@sport-club-itzehoe.de Steuer-Nr.: 18290800443Registereintrag: Eintragung im VereinsregisterRegistergericht:<a href=\"https:\/\/www.sci-zeltlager.de\/wordpress\/?page_id=3416\">[&#8230;]<\/a><\/p>\n","protected":false},"author":1,"featured_media":0,"parent":0,"menu_order":9,"comment_status":"closed","ping_status":"closed","template":"","meta":{"footnotes":""},"class_list":["post-3416","page","type-page","status-publish","hentry"],"_links":{"self":[{"href":"https:\/\/www.sci-zeltlager.de\/wordpress\/index.php?rest_route=\/wp\/v2\/pages\/3416","targetHints":{"allow":["GET"]}}],"collection":[{"href":"https:\/\/www.sci-zeltlager.de\/wordpress\/index.php?rest_route=\/wp\/v2\/pages"}],"about":[{"href":"https:\/\/www.sci-zeltlager.de\/wordpress\/index.php?rest_route=\/wp\/v2\/types\/page"}],"author":[{"embeddable":true,"href":"https:\/\/www.sci-zeltlager.de\/wordpress\/index.php?rest_route=\/wp\/v2\/users\/1"}],"replies":[{"embeddable":true,"href":"https:\/\/www.sci-zeltlager.de\/wordpress\/index.php?rest_route=%2Fwp%2Fv2%2Fcomments&post=3416"}],"version-history":[{"count":1,"href":"https:\/\/www.sci-zeltlager.de\/wordpress\/index.php?rest_route=\/wp\/v2\/pages\/3416\/revisions"}],"predecessor-version":[{"id":3417,"href":"https:\/\/www.sci-zeltlager.de\/wordpress\/index.php?rest_route=\/wp\/v2\/pages\/3416\/revisions\/3417"}],"wp:attachment":[{"href":"https:\/\/www.sci-zeltlager.de\/wordpress\/index.php?rest_route=%2Fwp%2Fv2%2Fmedia&parent=3416"}],"curies":[{"name":"wp","href":"https:\/\/api.w.org\/{rel}","templated":true}]}}